w - 623. Calculate b(-9).
-2486
Let o(u) = 77084*u - 308263. What is o(4)?
73
Let b(c) = -5983*c + 155573. What is b(26)?
15
Let w(l) = -l**2 + 1885*l + 113121. Give w(-58).
427
Let u(t) = 3*t**3 + 55*t**2 - 714*t - 2987. What is u(-26)?
29
Let o(h) = 25*h**2 + 234*h + 141. What is o(-10)?
301
Let u(k) = 7*k**3 - 22*k**2 - 425*k + 1580. Give u(-8).
-12
Let v(w) = 3*w**2 + 490*w + 2556. What is v(-160)?
956
Let n(p) = 11*p**2 - 143*p - 547. Give n(16).
-19
Let g(n) = 2*n**3 + 15*n**2 + 321*n + 1652. Give g(-6).
-166
Let w(x) = -1528*x + 12613. Calculate w(8).
389
Let f(r) = -8*r**2 - 282*r - 1328. Determine f(-6).
76
Let x(l) = -l**2 + 2647*l - 1011190. Determine x(463).
2
Let v(d) = -1483*d + 35585. Give v(24).
-7
Let m(g) = -3*g**3 + 2*g**2 + 662*g + 1322. Calculate m(-2).
30
Let r(b) = b**2 + 10794*b + 129402. Determine r(-12).
18
Let n(k) = -7*k**2 + 190*k - 15. Give n(28).
-183
Let t(z) = 85333*z - 512016. Give t(6).
-18
Let j(y) = y**2 - 195686*y + 782723. Determine j(4).
-5
Let p(i) = -1464*i**2 - 214*i - 10. Give p(1).
-1688
Let u(f) = 3403*f - 200777. Determine u(59).
0
Let i(o) = -2276*o - 10041. Give i(-5).
1339
Let a(c) = -c**3 + 134*c**2 - 511*c + 338. Calculate a(130).
1508
Let i(w) = 2*w**2 + w + 27. Give i(-4).
55
Let m(a) = 355*a + 18769. Determine m(-58).
-1821
Let r(p) = p**3 + 3*p**2 - 48*p + 1780. Calculate r(0).
1780
Let o(y) = -423*y - 866. Give o(-2).
-20
Let j(t) = -t**3 + 34*t**2 - 24*t - 313. What is j(35)?
-2378
Let z(s) = 2*s**2 + 78*s - 95. Give z(-24).
-815
Let s(v) = v**3 + 171*v**2 - 700*v + 29. Give s(-175).
29
Let x(l) = -14*l**2 + 848*l + 20341. Determine x(79).
-41
Let g(b) = -46288*b - 74708827. Determine g(-1614).
5
Let t(f) = 31*f**2 - 2158*f - 812. Determine t(70).
28
Let o(r) = 32624*r - 228380. Calculate o(7).
-12
Let l(y) = -206454*y + 47897321. What is l(232)?
-7
Let z(q) = 1259*q + 682081. Determine z(-542).
-297
Let o(u) = -u**2 - 14821*u - 841549. Calculate o(-57).
-1
Let w(l) = 515589*l - 5156023. What is w(10)?
-133
Let q(z) = -3*z**3 - 50*z**2 + 125*z + 55. What is q(-14)?
-3263
Let g(z) = 117*z**2 + 48211*z + 2879. Calculate g(-412).
-5
Let c(u) = -2576*u + 105600. Calculate c(41).
-16
Let r(h) = -2*h**3 + 309*h**2 + 10856*h - 90. Calculate r(184).
-90
Let i(n) = -159*n**2 - 1311*n - 296. Give i(-8).
16
Let x(k) = -105*k - 27601. What is x(-273)?
1064
Let m(t) = 88*t**2 - 6790*t - 5719. Determine m(78).
53
Let d(r) = -1679*r + 664855. Give d(396).
-29
Let m(c) = -22*c**3 + 487*c**2 - 61*c - 92. Give m(22).
18
Let p(s) = s**2 - 211*s + 8138. Give p(51).
-22
Let y(m) = 17418*m - 661895. Determine y(38).
-11
Let l(c) = -8730*c - 1178641. Give l(-135).
-91
Let o(b) = -27*b**2 + 237*b + 5. Give o(0).
5
Let f(x) = 2*x**2 - 770*x + 31197. Calculate f(339).
9
Let n(s) = -s**3 - 32*s**2 - 103*s - 13. Calculate n(-3).
35
Let i(o) = 4*o**3 - 2*o**2 + 1732*o - 1731. What is i(1)?
3
Let s(q) = -233*q + 59161. Determine s(252).
445
Let b(s) = 101*s - 8734. What is b(84)?
-250
Let z(k) = 333*k**2 + 19*k + 58. Calculate z(-2).
1352
Let p(w) = -30975*w - 1610701. Calculate p(-52).
-1
Let o(x) = -38718*x + 387186. Determine o(10).
6
Let h(p) = -5*p**2 + 106*p + 229. Determine h(27).
-554
Let r(l) = -l**2 - 48712*l - 3599191. What is r(-74)?
21
Let b(z) = 27426*z + 2331216. What is b(-85)?
6
Let b(s) = 2617*s - 110000. Calculate b(42).
-86
Let c(y) = y**3 - 30*y**2 - 38*y - 20. Give c(7).
-1413
Let o(s) = 3*s**2 + 1359*s + 17156. Determine o(-13).
-4
Let n(c) = -2*c**3 + 245*c**2 - 345*c - 2292. What is n(121)?
-114
Let l(r) = 23918*r - 526201. Determine l(22).
-5
Let h(n) = -21*n**3 - 1260*n**2 - 5*n + 56. What is h(-60)?
356
Let a(w) = w**3 + 86*w**2 - 1631*w - 9. Calculate a(16).
7
Let t(o) = o**3 - 63*o**2 + 211*o - 1985. Determine t(60).
-125
Let y(a) = -4*a**3 - 148*a**2 - 66*a + 768. Give y(-36).
-2040
Let y(h) = -h**3 - 36*h**2 + 1111*h + 31. Determine y(20).
-149
Let l(u) = 4*u**3 - 256*u**2 + 27*u + 58. What is l(64)?
1786
Let j(d) = 100*d**2 + 1498*d - 45. What is j(-15)?
-15
Let c(p) = -760*p - 16120. Determine c(-23).
1360
Let u(j) = -103*j**2 + 1623*j + 74. What is u(12)?
4718
Let r(d) = d**2 - 1718*d - 12083. What is r(-7)?
-8
Let q(l) = -318*l - 5836. Calculate q(-19).
206
Let o(z) = -z**3 - 31*z**2 - 55*z + 127. Give o(-4).
-85
Let j(b) = 11*b**3 - 473*b**2 - 66*b + 2874. Give j(43).
36
Let a(r) = -47*r**2 + 935*r + 1867. Calculate a(-2).
-191
Let w(i) = -2*i**2 + 854*i - 89574. Determine w(244).
-270
Let m(x) = -6*x**2 + 21*x + 155. Calculate m(14).
-727
Let m(z) = 6*z**3 + 22*z - 51. Calculate m(3).
177
Let u(w) = -3*w**3 - 39*w**2 + 417*w - 13. Give u(7).
-34
Let r(p) = -1390*p - 19032. Determine r(-12).
-2352
Let g(w) = w**3 - 40*w**2 + 130*w + 5116. Give g(30).
16
Let c(x) = -1368*x**2 - 10924*x + 180. Give c(-8).
20
Let n(x) = -2*x**2 + 535*x - 17646. Give n(229).
-13
Let s(h) = h**3 + 54*h**2 + 419*h + 21662. Calculate s(-54).
-964
Let p(r) = -r**3 - 104*r**2 + 214*r + 11428. What is p(-105)?
-17
Let c(v) = 2*v**2 - 3915*v - 217227. What is c(-54)?
15
Let j(w) = -2*w**2 - 82117*w - 1067131. Determine j(-13).
52
Let s(d) = 318*d**2 + 49*d - 100. What is s(1)?
267
Let l(k) = 2147*k + 4121. Calculate l(-2).
-173
Let y(z) = 35*z**2 + 2043*z - 11082. Calculate y(5).
8
Let q(b) = 182*b**2 - 2096*b - 2095. What is q(-1)?
183
Let q(o) = 267*o**3 + 3*o**2 + 105*o - 109. What is q(1)?
266
Let r(s) = 3734*s - 89578. Determine r(24).
38
Let i(o) = 7*o**2 + 110953*o + 221899. Give i(-2).
21
Let m(c) = 12537*c - 3786176. Determine m(302).
-2
Let l(i) = 5*i**2 - 183*i + 2066. Calculate l(12).
590
Let m(l) = 12162*l + 145974. Calculate m(-12).
30
Let s(n) = -n**3 - 996*n**2 + 1161*n + 163508. What is s(-997)?
0
Let t(b) = 8*b**2 + 14225*b + 72684. What is t(-1773)?
-9
Let v(q) = -q**3 + 23*q**2 - 17. Calculate v(13).
1673
Let i(u) = -1482*u + 314136. Give i(212).
-48
Let k(z) = -2848*z - 352830. Calculate k(-124).
322
Let s(x) = -x**3 - 6*x**2 - 69*x - 233. What is s(-6)?
181
Let l(p) = 375*p + 722. Give l(6).
2972
Let j(g) = g**3 + 83*g**2 - 16*g + 13086. Determine j(-85).
-4
Let s(p) = -12*p**3 - 286*p**2 - 1647*p - 3. Determine s(-10).
-133
Let a(d) = 161*d - 8781. Calculate a(56).
235
Let y(x) = x**3 + 115*x**2 + 3036*x + 126. Calculate y(-41).
44
Let f(x) = -13895*x - 166917. Determine f(-12).
-177
Let s(a) = -188*a + 16789. What is s(92)?
-507
Let v(x) = 3*x**2 + 104720*x - 1885925. Determine v(18).
7
Let y(p) = p**2 - 1427*p + 508798. What is y(716)?
-278
Let r(u) = 15*u**3 - 4*u**2 - 59*u - 9. Calculate r(-3).
-273
Let w(v) = v**2 - 683*v + 116619. Calculate w(342).
-3
Let v(i) = -3*i**3 - 333*i**2 - 19*i - 2103. Calculate v(-111).
6
Let d(s) = -11120*s - 2880084. Calculate d(-259).
-4
Let v(l) = -3*l**3 + 69*l**2 - 28*l + 31. Calculate v(23).
-613
Let u(v) = -2*v**3 - 18419*v**2 - 73653*v + 13. Give u(-4).
49
Let w(r) = 7*r**3 - 6367*r**2 + 3716*r - 72715. Determine w(909).
5
Let p(a) = -23*a**2 + 1725*a - 14929. Give p(10).
21
Let w(p) = p**2 + 63*p - 39224. What is w(-232)?
-16
Let s(c) = 9*c**3 + 218*c**2 - 648*c - 18. What is s(3)?
243
Let k(g) = 2*g**3 + 374*g**2 - 3122*g - 141. What is k(-195)?
249
Let f(m) = 11*m**2 - 696*m - 6. What is f(61)?
-1531
Let q(a) = -17*a**2 + 48*a - 255. Calculate q(-5).
-920
Let w(l) = l**2 + 6758*l + 107866. Calculate w(-16).
-6
Let u(t) = -11*t**3 + 82*t**2 - 114*t + 1197. Give u(8).
-99
Let j(z) = 252685*z + 2021502. Give j(-8).
22
Let i(y) = -2*y**3 + 27*y**2 - 30*y - 405. Calculate i(8).
59
Let d(h) = -8665*h + 6377456. What is d(736)?
16
Let z(k) = k**3 + 55*k**2 + 205*k + 1135. Calculate z(-51).
1084
Let r(z) = -65*z**3 + 11*z**2 + 723*z - 722. Determine r(1).
-53
Let j(q) = -1797*q - 1458925. Give j(-812).
239
Let g(d) = 3*d**2 + 460*d - 74955. Determine g(99).
-12
Let v(r) = -r**3 - 17*r**2 + 53*r - 21. Calculate v(-18).
-651
Let b(s) = 2*s**3 - 46*s**2 - 116*s + 157. Give b(25).
-243
Let t(r) = -127861*r - 127827. Determine t(-1).
34
Let p(a) = -729*a + 17060. Determine p(21).
1751
Let n(s) = -5*s**3 + 39*s**2 + 2121*s - 16902. Give n(8).
2
Let v(f) = 3*f**2 - 179*f - 1729. Give v(-9).
125
Let h(v) = 11*v**3 - 388*v**2 + 470*v + 202. What is h(34)?
-2
Let i(o) = -11*o**2 - 219*o + 1590. Calculate i(7).
-482
Let z(c) = c**3 - 200*c - 1049. Calcu